{"id":187,"date":"2020-03-07T22:27:27","date_gmt":"2020-03-07T20:27:27","guid":{"rendered":"https:\/\/www.lvi-hankin.fi\/?page_id=187"},"modified":"2020-03-07T22:33:50","modified_gmt":"2020-03-07T20:33:50","slug":"tietosuojalauseke","status":"publish","type":"page","link":"https:\/\/www.lvi-hankin.fi\/?page_id=187","title":{"rendered":"Tietosuojalauseke"},"content":{"rendered":"\n<p><br>Hyv\u00e4ksyt n\u00e4m\u00e4 k\u00e4ytt\u00f6ehdot k\u00e4ytt\u00e4m\u00e4ll\u00e4 sivujamme.<\/p>\n\n\n\n<p><strong>Mit\u00e4 tietoja k\u00e4ytt\u00e4j\u00e4st\u00e4 ker\u00e4t\u00e4\u00e4n?<\/strong><\/p>\n\n\n\n<p>Ker\u00e4\u00e4mme anonyymej\u00e4 tietoja sivustolla k\u00e4vij\u00f6ist\u00e4 Googlen Analytics -palvelulla.<\/p>\n\n\n\n<p><strong>Tietojen k\u00e4ytt\u00f6 ja s\u00e4ilytys<\/strong><\/p>\n\n\n\n<p>Google Analytics -palvelulla ker\u00e4tyt tiedot s\u00e4ilytet\u00e4\u00e4n Googlen palvelussa. Google Analyticsin ker\u00e4\u00e4m\u00e4t, tallentamat ja analysoimat tiedot eiv\u00e4t sis\u00e4ll\u00e4 k\u00e4ytt\u00e4j\u00e4kohtaisia tietoja. Google hallinnoi n\u00e4it\u00e4 tietoja tietosuojak\u00e4yt\u00e4nt\u00f6ns\u00e4 mukaisesti.<\/p>\n\n\n\n<p><strong>Tietojen k\u00e4sittely ja luovutus<\/strong><\/p>\n\n\n\n<p>Emme siirr\u00e4 tietoja EU:n tai ETA:n ulkopuolelle, emmek\u00e4 myy, vuokraa tai luovuta k\u00e4ytt\u00e4j\u00e4n henkil\u00f6tietoja kolmansille osapuolille.<\/p>\n\n\n\n<p><strong>Ev\u00e4steet<\/strong><\/p>\n\n\n\n<p>Ev\u00e4steiden avulla analysoimme yksitt\u00e4isten k\u00e4ytt\u00e4jien ja k\u00e4ytt\u00e4j\u00e4ryhmien toimia verkkopalvelussa Google Analytics -k\u00e4vij\u00e4seurannan avulla. Ker\u00e4ttyj\u00e4 tietoja k\u00e4ytet\u00e4\u00e4n liiketoiminnan kehitt\u00e4miseen.<\/p>\n\n\n\n<p><strong>Tietojen tarkastaminen ja ev\u00e4steiden est\u00e4minen<\/strong><\/p>\n\n\n\n<p>Sinulla on EU:n tietosuojadirektiivin mukainen oikeus tarkistaa sinusta mahdollisesti ker\u00e4tyt tiedot. Lis\u00e4ksi sinulla on mahdollisuus est\u00e4\u00e4 ev\u00e4steiden k\u00e4ytt\u00f6 muuttamalla selaimen asetuksia sek\u00e4 tyhjent\u00e4\u00e4 ev\u00e4steet selaimesta.<\/p>\n\n\n\n<p><\/p>\n\n\n\n<p>Tietosuoja-asioissa voit olla yhteydess\u00e4 s\u00e4hk\u00f6postilla osoitteeseen <strong>info@lvi-hankin.fi<\/strong>.<\/p>\n","protected":false},"excerpt":{"rendered":"<p>Hyv\u00e4ksyt n\u00e4m\u00e4 k\u00e4ytt\u00f6ehdot k\u00e4ytt\u00e4m\u00e4ll\u00e4 sivujamme. Mit\u00e4 tietoja k\u00e4ytt\u00e4j\u00e4st\u00e4 ker\u00e4t\u00e4\u00e4n? Ker\u00e4\u00e4mme anonyymej\u00e4 tietoja sivustolla k\u00e4vij\u00f6ist\u00e4 Googlen Analytics -palvelulla. Tietojen k\u00e4ytt\u00f6 ja s\u00e4ilytys Google Analytics -palvelulla ker\u00e4tyt tiedot s\u00e4ilytet\u00e4\u00e4n Googlen palvelussa. Google Analyticsin ker\u00e4\u00e4m\u00e4t, tallentamat ja analysoimat tiedot eiv\u00e4t sis\u00e4ll\u00e4 k\u00e4ytt\u00e4j\u00e4kohtaisia tietoja. Google hallinnoi n\u00e4it\u00e4 tietoja tietosuojak\u00e4yt\u00e4nt\u00f6ns\u00e4 mukaisesti. Tietojen k\u00e4sittely ja luovutus Emme siirr\u00e4 tietoja EU:n tai [&hellip;]<\/p>\n","protected":false},"author":1,"featured_media":0,"parent":0,"menu_order":0,"comment_status":"closed","ping_status":"closed","template":"","meta":{"_et_pb_use_builder":"","_et_pb_old_content":"","_et_gb_content_width":""},"_links":{"self":[{"href":"https:\/\/www.lvi-hankin.fi\/index.php?rest_route=\/wp\/v2\/pages\/187"}],"collection":[{"href":"https:\/\/www.lvi-hankin.fi\/index.php?rest_route=\/wp\/v2\/pages"}],"about":[{"href":"https:\/\/www.lvi-hankin.fi\/index.php?rest_route=\/wp\/v2\/types\/page"}],"author":[{"embeddable":true,"href":"https:\/\/www.lvi-hankin.fi\/index.php?rest_route=\/wp\/v2\/users\/1"}],"replies":[{"embeddable":true,"href":"https:\/\/www.lvi-hankin.fi\/index.php?rest_route=%2Fwp%2Fv2%2Fcomments&post=187"}],"version-history":[{"count":7,"href":"https:\/\/www.lvi-hankin.fi\/index.php?rest_route=\/wp\/v2\/pages\/187\/revisions"}],"predecessor-version":[{"id":194,"href":"https:\/\/www.lvi-hankin.fi\/index.php?rest_route=\/wp\/v2\/pages\/187\/revisions\/194"}],"wp:attachment":[{"href":"https:\/\/www.lvi-hankin.fi\/index.php?rest_route=%2Fwp%2Fv2%2Fmedia&parent=187"}],"curies":[{"name":"wp","href":"https:\/\/api.w.org\/{rel}","templated":true}]}}